uppose 0 = 4*l + l - 2*a - 87, -66 = -4*l - 2*a. What is the remainder when 99 is divided by l?
14
Suppose 3*g - 15*g = -348. What is the remainder when 86 is divided by g?
28
Calculate the remainder when (-121)/33*(0 + -12) is divided by 16.
12
Calculate the remainder when (-4)/6 + (-3520)/(-24) is divided by 25.
21
Suppose 5*j = -4*y, -4*j = -3*j + 4*y. Suppose 4*p + 113 = 4*l + 37, -5*l + 2*p + 89 = j. Calculate the remainder when 66 is divided by l.
15
Let r(f) = f**2 + f + 69. Let p = -65 - -83. What is the remainder when r(0) is divided by p?
15
Let q(b) = b**3 + 5*b**2 - 9*b - 8. Let i(x) = x - 2. Let v(c) = -2*c + 3. Let s(t) = -6*i(t) - 4*v(t). Calculate the remainder when q(-6) is divided by s(3).
4
Suppose 0*i + 561 = 4*i + l, -4*i = 4*l - 552. Calculate the remainder when i is divided by 24.
21
Let b(j) = -21*j + 1. Suppose -3*c + 2 = 5. Suppose p - f = 6, -p + 2*f + 2 = -2. Calculate the remainder when b(c) is divided by p.
6
Let y = 63 + -23. Suppose 0 = -0*c - 2*c. Suppose 0 = z - c*z - 14. What is the remainder when y is divided by z?
12
Let p be 3 + 3 - (-1 - -1). Suppose 7 + p = j. What is the remainder when 50 is divided by j?
11
Let h(d) be the second derivative of d**4/6 - 4*d**3/3 + 3*d**2 + d. What is the remainder when 61 is divided by h(5)?
13
Suppose -3 = 3*t - 84. Calculate the remainder when 53 is divided by t.
26
Suppose 4*f - 20 - 40 = 0. Let w(q) = -q**2 + 12*q - 7. What is the remainder when w(7) is divided by f?
13
Calculate the remainder when (-6)/(-4) - (-201)/6 is divided by 12.
11
Let s(d) = -2*d - 4. Let u = -11 - -8. What is the remainder when s(u) is divided by 2?
0
Let z(l) = -l**2 + 6*l - 6. Let n be z(8). Let v = -8 - n. What is the remainder when 41 is divided by v?
13
Let f be (-81)/(-9)*(-2)/(-3). Suppose 2*o = f*o. Calculate the remainder when 2 is divided by (2 + -5)/(-3) + o.
0
Let i = 31 - 26. What is the remainder when 13 is divided by i?
3
Let w = 37 + -5. Let y = 58 - w. Calculate the remainder when 76 is divided by y.
24
Let s(i) = i**3 + 6*i**2 - 8*i + 1. Let l be s(-7). Let z = -11 + l. What is the remainder when (-78)/(3 + z + -2) is divided by 20?
19
Let f be -5*3*(-1 - -2). Let h = f + 29. Let v = 5 + 0. Calculate the remainder when h is divided by v.
4
Suppose -3*u + 24 = -9. Let c(t) = -t**2 + t. Let k(y) = 2*y**2 + 7*y + 4. Let a(l) = -3*c(l) - k(l). Calculate the remainder when a(12) is divided by u.
9
Suppose 0 = -4*q + 2*n + 6, -3*q + 2*q + 18 = 5*n. Let i be 31 - 1/((-2)/8). Suppose -5*c + 10 = -i. What is the remainder when c is divided by q?
0
Let z(v) = -2*v - 98. Let x be z(0). Let q = -60 - x. What is the remainder when q is divided by 10?
8
What is the remainder when 27 is divided by -3*3/(27/(-42))?
13
Let r = -4 - 8. What is the remainder when (8/r)/(4/(-318)) is divided by 18?
17
Let h = -2 + -6. Let r(q) = q**2 + 4*q. Suppose v = -4*v, 0 = 3*y + 2*v - 33. What is the remainder when r(h) is divided by y?
10
Let d = 7 - 4. Calculate the remainder when 29 is divided by -2 + 6/d + 10.
9
What is the remainder when -1*((-98 - 1) + -3) is divided by 26?
24
Let h = 44 + -3. What is the remainder when h is divided by 21?
20
Let t(c) = 4*c - 23. Calculate the remainder when t(11) is divided by 12.
9
Let o(n) = -4*n + 2. Let q = -10 - -36. What is the remainder when q is divided by o(-3)?
12
Let i = 78 - 5. What is the remainder when i is divided by 25?
23
Suppose -5*q + 14 + 11 = 0. Let r(b) = -b**3 + 6*b**2 - 3*b - 3. What is the remainder when 19 is divided by r(q)?
5
Suppose 0 = 4*u - u - 12. Suppose 2 = -2*y + 2*f, -3*y + 4*f - 1 - 2 = 0. Calculate the remainder when u is divided by 4/(0/y - -2).
0
Suppose 3*o - 2*o - 20 = 0. Suppose -o = -2*w - 3*w. What is the remainder when 18 is divided by w?
2
Suppose -3*z + 7*c - 2*c + 21 = 0, -3*c = -4*z + 39. Calculate the remainder when 71 is divided by z.
11
Suppose 5*q = -0*l + 5*l + 295, 0 = 5*q + 3*l - 335. What is the remainder when q is divided by 17?
13
Let c = -14 + 28. Suppose -25 = -5*d, 3*y - c = 2*d + 6. What is the remainder when y is divided by 12/(-10)*(-3 + -2)?
4
Let u(m) = m + 11. Let a be u(-8). Suppose -56 = -a*g - g. Let b = 22 - g. Calculate the remainder when 22 is divided by b.
6
Let p(o) = -o**2 - o - 1. Let a be p(-1). Let k be (-2)/a + 21 + -5. Calculate the remainder when k/3*2/4 is divided by 2.
1
Suppose 12*m + 42 = 26*m. Calculate the remainder when m is divided by 1.
0
Let b = 24 - 11. Let y(k) = -k**3 + 6*k**2 + 4*k + 1. Calculate the remainder when y(6) is divided by b.
12
Suppose 28 = 2*y - y. What is the remainder when y is divided by 8?
4
Let a be 1/2 - 50/(-4). Let q be (-35)/5*(-4)/14. Suppose -q*f - a = -31. What is the remainder when 26 is divided by f?
8
Suppose 4*u - 3*f = 226, -3*u = -f + 2*f - 176. Suppose 5*m + 8*t - 55 = 3*t, -3*t = m - 3. Calculate the remainder when u is divided by m.
13
Let s be ((-6)/(-3))/(2/85). Suppose 5*r = 4*i + i + s, 11 = 3*r + 5*i. Calculate the remainder when 23 is divided by r.
11
Let m(j) = -j**3 + 8*j**2 + 2*j + 1. Suppose -2*x = -6 - 32. What is the remainder when m(4) is divided by x?
16
Let r(g) = g**2 + 4*g + 1. Calculate the remainder when 51 is divided by r(-6).
12
Let z = 59 + -33. What is the remainder when z is divided by 8 + (1 - (-1 - -1))?
8
Let c be -1 + 1*-8*1. Calculate the remainder when 15 is divided by 0 + c/3 + 11.
7
Suppose 5*i - 20 + 5 = 0. Suppose -2*t - 3*h + 78 = i*t, 3*h - 6 = -t. Calculate the remainder when t is divided by 7.
4
Let g = 154 + -104. Calculate the remainder when g is divided by 13.
11
Let w(p) = 3*p - 3. Calculate the remainder when w(12) is divided by 12.
9
Calculate the remainder when 3/(-12) - (-627)/44 is divided by 4.
2
Suppose -3*v = 5*u + 17, -2*v + 4*u - 3*u + 6 = 0. Let q(r) = -r**2 + 7. What is the remainder when v + 48/(-1 + 5) is divided by q(0)?
6
Suppose -2*z + 60 + 86 = 0. Calculate the remainder when z is divided by 19.
16
Let n(o) = 3*o**2 - 4*o + 5. Calculate the remainder when 55 is divided by n(3).
15
Suppose 0 = 5*o - 154 - 26. What is the remainder when 104 is divided by o?
32
Let a = -1 + 3. Let d be ((-5)/(-2)*a)/1. Let b = d - 1. What is the remainder when 6 is divided by b?
2
Let v(t) = -3*t**2 - 6*t + 10. Let x be v(-12). What is the remainder when 18 is divided by (2/(-7))/(10/x)?
8
Let h(x) = 4*x**2 + 1. Let m(l) = -3*l**2 - l - 1. Let y(r) = -2*h(r) - 3*m(r). Calculate the remainder when 20 is divided by y(-5).
9
Let t = -76 - -153. Let b = t - 43. Let q = 41 - 29. What is the remainder when b is divided by q?
10
Let m(u) = u**3 + 3*u**2 - 3*u + 4. Let d be m(-4). Calculate the remainder when 1/2*d + 32 is divided by 11.
10
Calculate the remainder when 2/4*2 - -73 is divided by ((-4)/(-10))/(126/3465).
8
Let k = -8 - -5. Calculate the remainder when 6 is divided by (-66)/(-55)*(-10)/k.
2
Suppose -t - 66 = -3*t. Let g = 54 - t. Let k(d) = 5*d**2 - 33*d - 8. Calculate the remainder when g is divided by k(7).
3
Suppose -g + 2*h + 8 = 4*h, -3*h = g - 10. Suppose -2 = -z, -g*z + 31 + 27 = 5*o. Suppose 0 = 2*s - 4*s + 12. What is the remainder when o is divided by s?
4
Suppose 3*q - 5*q + 2*b = -10, -3 = b. Suppose 0 = -q*l + 4*l. What is the remainder when 6 is divided by -2 + 6/(l - -1)?
2
Let d(n) = n + 10. Calculate the remainder when 10 is divided by d(-7).
1
Suppose k - 4*k - 3*j + 12 = 0, -3*k + 5*j + 20 = 0. Let o = 0 + k. Calculate the remainder when 14 is divided by o.
4
Let s be 10120/32 + (-1)/4. Suppose -7*n - 43 + s = 0. Calculate the remainder when n is divided by 20.
19
Let p(t) = -t**3 + 5*t**2 + 3. Let i be p(5). Suppose -o - i*g = 23, g = 2*o + 2*o + 27. Let m = -1 - o. Calculate the remainder when 19 is divided by m.
5
Let k(c) = 13*c**3 + 2*c**2 - c. Let z be k(2). Suppose 3*w = z + 37. Let u = w - -6. Calculate the remainder when u is divided by 19.
17
Let t(x) = x**3 - 19*x**2 - 20*x + 9. Calculate the remainder when t(20) is divided by 1 + 4 + 0 + -2.
0
Let u = 5 - 6. What is the remainder when u/(2/(-18)) + 1 is divided by 3?
1
Suppose -5*h + 132 = -h. Calculate the remainder when h is divided by 12.
9
Let s = 54 - 5. Let g = -15 - -35. Let m = -7 + g. What is the remainder when s is divided by m?
10
Let v(d) = -d**3 + 6*d**2 + d - 4. Let f be v(6). Suppose x =